
Is 9609948 a multiple of 18?
True
Is 155532 a multiple of 13?
True
Is 6 a factor of 1217616?
True
Does 10 divide 110460?
True
Does 17 divide 32962?
False
Is 58 a factor of 111296?
False
Is 673950 a multiple of 50?
True
Does 59 divide 3062952?
False
Is 1721786 a multiple of 122?
True
Does 324 divide 482760?
True
Is 5772573 a multiple of 534?
False
Is 33381 a multiple of 27?
False
Is 13 a factor of 20404226?
False
Is 12 a factor of 5409076?
False
Does 48 divide 97584?
True
Is 1802758 a multiple of 8?
False
Is 13 a factor of 167440?
True
Does 1078 divide 12834668?
True
Does 286 divide 466466?
True
Is 5 a factor of 1427?
False
Is 689688 a multiple of 183?
False
Does 13 divide 2821580?
False
Is 210906 a multiple of 7?
False
Is 164 a factor of 2662619?
False
Does 33 divide 129898?
False
Is 12 a factor of 48204?
True
Does 54 divide 388098?
True
Is 5633292 a multiple of 21?
True
Does 75 divide 51140?
False
Is 113387 a multiple of 2?
False
Is 2 a factor of 151567?
False
Is 201 a factor of 2715711?
True
Is 187919 a multiple of 5?
False
Is 1741695 a multiple of 544?
False
Is 500289 a multiple of 57?
True
Is 60 a factor of 173251?
False
Does 23 divide 372539?
False
Is 9327585 a multiple of 22?
False
Is 6 a factor of 34488?
True
Does 46 divide 706887?
False
Is 207 a factor of 159597?
True
Is 7589362 a multiple of 22?
True
Is 25 a factor of 1868193?
False
Is 110 a factor of 16582390?
True
Does 197 divide 1638915?
False
Is 258988 a multiple of 18?
False
Is 102 a factor of 1142502?
True
Does 94 divide 10454141?
False
Does 23 divide 331476?
True
Does 66 divide 24269?
False
Does 700 divide 4510800?
True
Is 94 a factor of 5079854?
True
Does 259 divide 180782?
True
Does 36 divide 842652?
True
Is 26 a factor of 15392?
True
Is 67531 a multiple of 3?
False
Is 815911 a multiple of 653?
False
Is 2024836 a multiple of 4?
True
Does 107 divide 26001?
True
Does 308 divide 6063307?
False
Does 123 divide 594828?
True
Does 266 divide 588126?
True
Is 10 a factor of 11092016?
False
Is 310 a factor of 4143470?
False
Is 63852 a multiple of 51?
True
Is 13314910 a multiple of 167?
True
Does 19 divide 181031?
False
Does 84 divide 393418?
False
Is 1606905 a multiple of 61?
False
Does 19 divide 891514?
False
Does 166 divide 63578?
True
Does 112 divide 79296?
True
Does 32 divide 124224?
True
Does 45 divide 6750?
True
Is 11 a factor of 8965260?
False
Does 52 divide 851604?
True
Is 2314548 a multiple of 18?
True
Is 250848 a multiple of 32?
True
Is 166 a factor of 69178?
False
Does 6 divide 55182?
True
Is 4 a factor of 514092?
True
Does 3 divide 19198?
False
Does 6 divide 4124?
False
Is 100 a factor of 3102?
False
Does 11 divide 2189132?
True
Does 3 divide 470916?
True
Is 138549 a multiple of 8?
False
Does 175 divide 1573749?
False
Is 301730 a multiple of 65?
True
Does 122 divide 143106?
True
Does 437 divide 7189670?
False
Is 4513938 a multiple of 286?
True
Is 449213 a multiple of 16?
False
Is 203 a factor of 4439268?
False
Is 26 a factor of 5562960?
True
Is 1164 a factor of 490551?
False
Is 125 a factor of 59216?
False
Is 104 a factor of 446902?
False
Is 307761 a multiple of 477?
False
Is 32 a factor of 1164256?
True
Is 575328 a multiple of 16?
True
Is 121814 a multiple of 154?
True
Is 4169233 a multiple of 1454?
False
Is 249120 a multiple of 180?
True
Is 4346440 a multiple of 15?
False
Is 1066 a factor of 6368965?
False
Is 516 a factor of 2537172?
True
Does 10 divide 70390?
True
Is 139230 a multiple of 15?
True
Is 181947 a multiple of 18?
False
Is 6730 a multiple of 5?
True
Is 1320752 a multiple of 194?
True
Is 199071 a multiple of 303?
True
Does 411 divide 257697?
True
Is 55 a factor of 43595?
False
Is 624 a factor of 13581984?
True
Is 482397 a multiple of 113?
True
Is 111 a factor of 965256?
True
Is 2486686 a multiple of 416?
False
Does 722 divide 950800?
False
Is 6 a factor of 405186?
True
Is 17074785 a multiple of 195?
True
Is 122 a factor of 63684?
True
Is 6 a factor of 105594?
True
Does 28 divide 1909373?
False
Does 371 divide 1108994?
False
Does 53 divide 327328?
True
Does 328 divide 3219652?
False
Does 573 divide 3817326?
True
Is 937755 a multiple of 315?
True
Is 799 a factor of 4930005?
False
Does 15 divide 408930?
True
Does 49 divide 6235528?
False
Does 98 divide 3050250?
True
Does 86 divide 14972162?
False
Is 426090 a multiple of 14?
True
Is 2561424 a multiple of 1168?
True
Does 989 divide 203356?
False
Is 245 a factor of 2442405?
True
Does 130 divide 14988?
False
Does 3 divide 6324?
True
Is 7282506 a multiple of 121?
True
Does 19 divide 20412?
False
Does 196 divide 631512?
True
Is 3191598 a multiple of 100?
False
Is 226 a factor of 95824?
True
Is 8952 a multiple of 8?
True
Does 27 divide 18524290?
False
Is 66 a factor of 132439?
False
Does 111 divide 51060?
True
Does 26 divide 15054?
True
Is 143 a factor of 37898?
False
Is 574 a factor of 10330278?
True
Does 28 divide 543480?
True
Does 170 divide 111485?
False
Is 211258 a multiple of 13?
False
Is 2 a factor of 3925136?
True
Is 20 a factor of 66460?
True
Is 68897 a multiple of 7?
False
Is 803410 a multiple of 44?
False
Is 93 a factor of 70122?
True
Does 136 divide 365630?
False
Does 17 divide 936156?
True
Does 5 divide 3396085?
True
Is 46663 a multiple of 279?
False
Is 12629085 a multiple of 105?
True
Is 158600 a multiple of 61?
True
Is 3038324 a multiple of 30?
False
Does 12 divide 6259788?
True
Is 9791049 a multiple of 298?
False
Does 21 divide 92442?
True
Is 17 a factor of 695232?
True
Is 190 a factor of 708320?
True
Does 13 divide 16414160?
False
Is 21 a factor of 152922?
True
Is 5 a factor of 1590910?
True
Is 949413 a multiple of 64?
False
Does 599 divide 8369544?
False
Does 5 divide 4720?
True
Is 1231360 a multiple of 256?
True
Is 20 a factor of 813700?
True
Is 296 a factor of 847811?
False
Does 698 divide 1061672?
False
Is 862 a factor of 3091132?
True
Is 127 a factor of 169824?
False
Does 36 divide 6076332?
True
Is 332233 a multiple of 53?
False
Does 26 divide 11045?
False
Is 15 a factor of 3900?
True
Is 121 a factor of 377157?
True
Is 15 a factor of 237439?
False
Is 233 a factor of 71531?
True
Does 52 divide 555727?
False
Is 264 a factor of 84820?
False
Is 604 a factor of 5422712?
True
Does 11 divide 26752?
True
Is 76 a factor of 5931370?
False
Is 11 a factor of 9158589?
True
Is 2938675 a multiple of 537?
False
Is 481 a factor of 3778622?
False
Is 660 a factor of 3470122?
False
Does 115 divide 67735?
True
Is 757 a factor of 1254583?
False
Does 245 divide 21560?
True
Is 10071591 a multiple of 4?
False
Does 31 divide 355851?
False
Is 13 a factor of 1087764?
False
Is 22918 a multiple of 59?
False
Does 9 divide 141742?
False
Is 3267129 a multiple of 83?
True
Is 14 a factor of 2748156?
False
Does 649 divide 11479100?
False
Does 12 divide 4104?
True
Is 41 a factor of 1890797?
True
Is 1071319 a multiple of 144?
False
Is 10 a factor of 1531397?
False
Is 15 a factor of 34785?
True
Is 474 a factor of 6881928?
False
Is 1252 a factor of 5537706?
False
Is 3317885 a multiple of 97?
True
Is 86 a factor of 53750?
True
Is 25 a factor of 478400?
True
Does 121 divide 15254712?
True
Is 29344 a multiple of 131?
True
Does 68 divide 180064?
True
Is 32 a factor of 103360?
True
Does 8 divide 567592?
True
Does 13 divide 2291393?
True
Is 6137340 a multiple of 1020?
True
Is 399 a factor of 82925?
False
Is 200887 a multiple of 526?
False
Is 46086 a multiple of 4?
False
Is 23 a factor of 203412?
True
Is 93960 a multiple of 324?
True
Is 112048 a multiple of 220?
False
Does 20 divide 431600?
True
Is 6 a factor of 1306604?
False
Does 19 divide 4074987?
True
Is 1257795 a multiple of 265?
False
Does 4 divide 5312?
True
Does 34 divide 1862826?
True
Does 9 divide 13046372?
False
Is 26 a factor of 919100?
True
Does 36 divide 2002033?
False
Is 6769239 a multiple of 7?
False
Does 27 divide 139475?
False
Does 46 divide 276279?
False
Is 3 a factor of 16429?
False
Does 31 divide 325903?
True
Does 773 divide 1233708?
True
Is 13 a factor of 5118464?
True
Is 1636121 a multiple of 12?
False
Is 9 a factor of 122011?
False
Is 303849 a multiple of 9?
True
Does 221 divide 25194?
True
Does 50 divide 328811?
False
Is 11 a factor of 924?
True
Is 178397 a multiple of 6?
False
Is 2301359 a multiple of 309?
False
Does 124 divide 60935?
False
Is 16277510 a multiple o